93024.
2, 65407
List the prime factors of 39531.
3, 13177
List the prime factors of 25269702.
2, 3, 677, 6221
List the prime factors of 1656169.
1656169
List the prime factors of 3986118.
2, 3, 97, 761
What are the prime factors of 20593838?
2, 367, 28057
What are the prime factors of 4030815?
3, 5, 268721
List the prime factors of 3346200.
2, 3, 5, 11, 13
What are the prime factors of 122395?
5, 7, 13, 269
List the prime factors of 1570612.
2, 307, 1279
What are the prime factors of 1126955?
5, 263, 857
What are the prime factors of 1714316?
2, 428579
What are the prime factors of 222290?
2, 5, 22229
What are the prime factors of 518031?
3, 57559
List the prime factors of 6115683.
3, 7, 41, 7103
What are the prime factors of 353587?
13, 59, 461
What are the prime factors of 7625692?
2, 113, 16871
List the prime factors of 8998885.
5, 7, 41, 6271
List the prime factors of 961156.
2, 7, 34327
What are the prime factors of 149177?
7, 101, 211
What are the prime factors of 810242?
2, 41, 241
What are the prime factors of 584?
2, 73
List the prime factors of 1508305.
5, 31, 37, 263
What are the prime factors of 17832396?
2, 3, 59, 89, 283
List the prime factors of 582592.
2, 9103
List the prime factors of 58641.
3, 11, 1777
List the prime factors of 1360921.
1360921
What are the prime factors of 24637?
71, 347
List the prime factors of 126355.
5, 37, 683
What are the prime factors of 177370?
2, 5, 17737
List the prime factors of 159503.
159503
List the prime factors of 1791242.
2, 31, 167, 173
List the prime factors of 3781685.
5, 823, 919
List the prime factors of 44610.
2, 3, 5, 1487
What are the prime factors of 110907?
3, 12323
List the prime factors of 10056900.
2, 3, 5, 7, 4789
What are the prime factors of 16115970?
2, 3, 5, 13, 31, 43
List the prime factors of 424709.
424709
List the prime factors of 682314.
2, 3, 113719
What are the prime factors of 16259067?
3, 11, 164233
List the prime factors of 331378.
2, 223, 743
What are the prime factors of 1299671?
929, 1399
List the prime factors of 3772659.
3, 11, 19, 547
What are the prime factors of 23788?
2, 19, 313
List the prime factors of 11183361.
3, 7, 37, 389
What are the prime factors of 14885921?
31, 631, 761
List the prime factors of 1944633.
3, 648211
What are the prime factors of 249830?
2, 5, 7, 43, 83
List the prime factors of 1192866.
2, 3, 198811
List the prime factors of 106686.
2, 3, 5927
What are the prime factors of 434403?
3, 31, 173
What are the prime factors of 6313517?
7, 901931
What are the prime factors of 2161270?
2, 5, 216127
List the prime factors of 126569.
23, 5503
List the prime factors of 20511362.
2, 10255681
List the prime factors of 1745938.
2, 353, 2473
What are the prime factors of 9646554?
2, 3, 307, 5237
What are the prime factors of 722907?
3, 47, 1709
List the prime factors of 350230.
2, 5, 35023
List the prime factors of 15391648.
2, 480989
List the prime factors of 328193.
29, 11317
List the prime factors of 1277353.
7, 11, 53, 313
List the prime factors of 10873381.
10873381
What are the prime factors of 4792907?
7, 659, 1039
What are the prime factors of 755727?
3, 7, 53, 97
List the prime factors of 7736747.
311, 24877
List the prime factors of 38856518.
2, 101, 149, 1291
List the prime factors of 1431551.
11, 11831
What are the prime factors of 473253?
3, 11, 14341
What are the prime factors of 12163125?
3, 5, 13, 499
List the prime factors of 5269.
11, 479
What are the prime factors of 8974612?
2, 19, 263, 449
What are the prime factors of 1088910?
2, 3, 5, 37, 109
List the prime factors of 1453803.
3, 13, 37277
What are the prime factors of 325987?
325987
What are the prime factors of 6005050?
2, 5, 83, 1447
List the prime factors of 16435233.
3, 1826137
What are the prime factors of 778596?
2, 3, 7, 13, 23, 31
List the prime factors of 46077.
3, 15359
What are the prime factors of 89531?
13, 71, 97
List the prime factors of 46726.
2, 61, 383
What are the prime factors of 2171?
13, 167
List the prime factors of 3062792.
2, 173, 2213
What are the prime factors of 7641963?
3, 7, 101, 1201
What are the prime factors of 1015664?
2, 13, 19, 257
List the prime factors of 6769434.
2, 3, 7, 17, 19, 499
List the prime factors of 2055115.
5, 139, 2957
List the prime factors of 2843605.
5, 23, 79, 313
What are the prime factors of 915553?
19, 48187
List the prime factors of 3598384.
2, 239, 941
What are the prime factors of 1401546?
2, 3, 233591
What are the prime factors of 5869725?
3, 5, 61, 1283
List the prime factors of 1662550.
2, 5, 41, 811
List the prime factors of 29475489.
3, 23, 427181
What are the prime factors of 124109?
79, 1571
List the prime factors of 4784630.
2, 5, 557, 859
What are the prime factors of 270473?
7, 38639
List the prime factors of 32177199.
3, 3163, 3391
List the prime factors of 3333656.
2, 109, 3823
What are the prime factors of 353491?
151, 2341
What are the prime factors of 131820?
2, 3, 5, 13
List the prime factors of 11931598.
2, 7, 17393
List the prime factors of 13299478.
2, 101, 65839
List the prime factors of 264859.
7, 157, 241
What are the prime factors of 137088?
2, 3, 7, 17
What are the prime factors of 462?
2, 3, 7, 11
What are the prime factors of 9309571?
9309571
List the prime factors of 573388.
2, 29, 4943
What are the prime factors of 10005199?
1847, 5417
List the prime factors of 2490729.
3, 19, 37, 1181
List the prime factors of 147451.
147451
What are the prime factors of 1458684?
2, 3, 40519
List the prime factors of 105758.
2, 52879
What are the prime factors of 920850?
2, 3, 5, 7, 877
List the prime factors of 2124772.
2, 13, 29, 1409
What are the prime factors of 199204?
2, 49801
What are the prime factors of 216635?
5, 37, 1171
List the prime factors of 2609684.
2, 7, 11, 37, 229
List the prime factors of 160700.
2, 5, 1607
What are the prime factors of 226752?
2, 3, 1181
List the prime factors of 1091519.
11, 13, 17, 449
List the prime factors of 1055158.
2, 13, 40583
List the prime factors of 8162195.
5, 29, 181, 311
List the prime factors of 4261450.
2, 5, 85229
List the prime factors of 15726.
2, 3, 2621
List the prime factors of 10097357.
41, 246277
What are the prime factors of 139991?
139991
List the prime factors of 61147.
47, 1301
What are the prime factors of 643113?
3, 23819
What are the prime factors of 3559814?
2, 227, 7841
List the prime factors of 5431088.
2, 13, 26111
What are the prime factors of 59507?
7, 8501
What are the prime factors of 3546252?
2, 3, 98507
What are the prime factors of 28710970?
2, 5, 79, 36343
What are the prime factors of 2759898?
2, 3, 383, 1201
List the prime factors of 557155.
5, 111431
List the prime factors of 8143219.
7, 23, 37, 1367
What are the prime factors of 3146624?
2, 13, 31, 61
What are the prime factors of 615353?
19, 139, 233
What are the prime factors of 1887052?
2, 107, 4409
What are the prime factors of 5896843?
5896843
What are the prime factors of 10369739?
10369739
List the prime factors of 339756.
2, 3, 23, 1231
List the prime factors of 1838322.
2, 3, 59, 577
List the prime factors of 435287.
435287
List the prime factors of 6859676.
2, 1714919
List the prime factors of 5785298.
2, 2892649
List the prime factors of 347522.
2, 7, 103, 241
What are the prime factors of 696643?
17, 43, 953
List the prime factors of 14564246.
2, 7282123
What are the prime factors of 219672?
2, 3, 113
List the prime factors of 1089309.
3, 13, 17, 31, 53
List the prime factors of 20629765.
5, 13, 41, 7741
What are the prime factors of 1356974?
2, 17, 107, 373
What are the prime factors of 94478?
2, 97, 487
List the prime factors of 236339.
236339
List the prime factors of 1970794.
2, 7, 19, 31, 239
List the prime factors of 376638.
2, 3, 62773
What are the prime factors of 849154?
2, 424577
List the prime factors of 574568.
2, 71821
What are the prime factors of 28275?
3, 5, 13, 29
What are the prime factors of 807543?
3, 11, 2719
What are the prime factors of 659423?
659423
List the prime factors of 4120956.
2, 3, 7, 23, 79
What are the prime factors of 31695721?
31695721
List the prime factors of 111226.
2, 19, 2927
What are the prime factors of 223998?
2, 3, 37, 1009
What are the prime factors of 18695976?
2, 3, 13, 31, 1933
List the prime factors